{"id":1428,"date":"2023-04-26T13:12:01","date_gmt":"2023-04-26T11:12:01","guid":{"rendered":"http:\/\/emporiosolidalegenova.it\/wordpress\/?page_id=1428"},"modified":"2023-05-02T15:14:01","modified_gmt":"2023-05-02T13:14:01","slug":"emporio-solidale-e-centro-di-ascolto","status":"publish","type":"page","link":"https:\/\/emporiosolidalegenova.it\/wordpress\/emporio-solidale-e-centro-di-ascolto\/","title":{"rendered":"EMPORIO SOLIDALE E CENTRO DI ASCOLTO"},"content":{"rendered":"\n<h2 class=\"wp-block-heading\">EMPORIO SOLIDALE<\/h2>\n\n\n\n<div class=\"wp-block-columns is-layout-flex wp-container-core-columns-is-layout-9d6595d7 wp-block-columns-is-layout-flex\">\n<div class=\"wp-block-column is-layout-flow wp-block-column-is-layout-flow\">\n<p>L\u2019Emporio solidale di Genova apre nel 2022 come progetto dell\u2019associazione <a rel=\"noreferrer noopener\" href=\"https:\/\/www.ilcesto.org\/associazione-volontariato-il-cesto\/\" target=\"_blank\">Ce.Sto Odv<\/a>.<br>Si tratta di un centro polivalente di incontro, scambio, attivit\u00e0 culturali e di formazione aperto a tutto il quartiere.<br>L\u2019idea nasce nel 2019 a cura della sezione <a rel=\"noreferrer noopener\" href=\"https:\/\/www.facebook.com\/anpiTeresaMattei\/\" target=\"_blank\">ANPI Teresa Mattei<\/a> e di <a rel=\"noreferrer noopener\" href=\"https:\/\/www.genovasolidale.it\/\" target=\"_blank\">Genova Solidale<\/a>, prende consistenza nel periodo della pandemia e rapidamente si passa da un\u2019utenza di circa 30 nuclei familiari ad un\u2019attivit\u00e0 strutturata di raccolta e distribuzione alimentare con numeri di fruitori in notevole crescita.<br>L\u2019attivit\u00e0 principale consiste nella distribuzione alimentare rivolta a famiglie del Centro storico che si trovano in difficolt\u00e0 economica, con l\u2019obiettivo di superare il puro assistenzialismo attraverso processi di crescita, valorizzazione e inclusione sociale delle persone che partecipano alle varie attivit\u00e0. Lo scambio e la solidariet\u00e0 sono la cornice di tutte le iniziative.<br>L\u2019Emporio conta su una rete di donatori, collaboratori e volontari, tra cui enti, commercianti e grandi distributori, associazioni e altre realt\u00e0 attive sul territorio.<br>Con i suoi spazi di incontro e la presenza negli stessi spazi del Centro di Ascolto de il <a rel=\"noreferrer noopener\" href=\"https:\/\/www.ilcesto.org\/\" target=\"_blank\">Ce.Sto COOP<\/a>, l\u2019Emporio fornisce una risposta concreta alle famiglie in difficolt\u00e0, partendo dall\u2019 impegno a preservare la dignit\u00e0 delle persone e ponendo al centro la loro partecipazione alle realt\u00e0 della comunit\u00e0 e del Sestiere. Non assistenzialismo, quindi, ma solidariet\u00e0: \u00e8 una piccola Comunit\u00e0 al servizio della Comunit\u00e0.<\/p>\n<\/div>\n\n\n\n<div class=\"wp-block-column is-layout-flow wp-block-column-is-layout-flow\">\n<figure class=\"wp-block-image size-large\"><img loading=\"lazy\" decoding=\"async\" width=\"1024\" height=\"683\" src=\"https:\/\/emporiosolidalegenova.it\/wordpress\/wp-content\/uploads\/2023\/03\/ART06039-1024x683.jpg\" alt=\"\" class=\"wp-image-908\" srcset=\"https:\/\/emporiosolidalegenova.it\/wordpress\/wp-content\/uploads\/2023\/03\/ART06039-1024x683.jpg 1024w, https:\/\/emporiosolidalegenova.it\/wordpress\/wp-content\/uploads\/2023\/03\/ART06039-300x200.jpg 300w, https:\/\/emporiosolidalegenova.it\/wordpress\/wp-content\/uploads\/2023\/03\/ART06039-768x513.jpg 768w, https:\/\/emporiosolidalegenova.it\/wordpress\/wp-content\/uploads\/2023\/03\/ART06039-1536x1025.jpg 1536w, https:\/\/emporiosolidalegenova.it\/wordpress\/wp-content\/uploads\/2023\/03\/ART06039-2048x1367.jpg 2048w\" sizes=\"auto, (max-width: 1024px) 100vw, 1024px\" \/><\/figure>\n\n\n\n<p><br>L\u2019inserimento nel 2021 nel <a rel=\"noreferrer noopener\" href=\"https:\/\/smart.comune.genova.it\/comunicati-stampa-articoli\/senza-dimora-ed-estreme-povert%C3%A0-urbane-approvato-il-nuovo-patto-di\" target=\"_blank\">Patto di Sussidiarieta\u0300<\/a>   per il <a href=\"https:\/\/emporiosolidalegenova.it\/wordpress\/il-contesto-sociale-del-sestiere-del-molo\/\" target=\"_blank\" rel=\"noreferrer noopener\">Nuovo Sestiere del Molo<\/a>, il grande numero di volontari attivi, la presenza al suo interno del servizio del Centro di Ascolto uniti al supporto di tanti altri settori della cooperativa de il Ce.Sto Coop e dell\u2019Associazione Ce.Sto odv, hanno fornito motore e struttura al progetto che e\u0300 diventato in pochissimo tempo un Community Hub molto attivo nel Centro Storico &#8211; Sestiere del Molo.<\/p>\n<\/div>\n<\/div>\n\n\n\n<h2 class=\"wp-block-heading\">CENTRO D&#8217;ASCOLTO<\/h2>\n\n\n\n<div class=\"wp-block-columns is-layout-flex wp-container-core-columns-is-layout-9d6595d7 wp-block-columns-is-layout-flex\">\n<div class=\"wp-block-column is-layout-flow wp-block-column-is-layout-flow\">\n<p>Il centro d\u2019ascolto, nato nel periodo di prepandemia, \u00e8 cresciuto giorno dopo giorno, aumentando i servizi all&#8217;utenza e avendo un numero di accessi sempre in aumento.<br>I servizi di cui si occupa sono diversi e vanno a coprire diversi ambiti.<br><\/p>\n\n\n\n<ul class=\"wp-block-list\">\n<li>ORIENTAMENTO AL LAVORO: \n<ul class=\"wp-block-list\">\n<li>riceviamo le persone e ascoltiamo le loro esigenze attuali e future e accogliamo le loro richieste. Ci facciamo raccontare le loro esperienze lavorative pregresse e attuali e capire come intervenire. Uno dei principali e iniziali interventi \u00e8 revisionare e aggiornare il cv, iscrizione al CPI di zona, iscrizione a garanzia giovani per gli under 29, iscrizione a Formazione Lavoro, principale sito della regione Liguria per annunci di lavoro, eventuale iscrizione ad agenzie interinali, iscrizione ad eventuali corsi di formazioni (sia finanziati che privati), matching tra privato ed utente.<\/li>\n<\/ul>\n<\/li>\n\n\n\n<li>SOSTEGNO PSICOLOGICO: \n<ul class=\"wp-block-list\">\n<li>\u00e8 a disposizione per gli utenti che si rivolgono a noi la possibilit\u00e0 di avere un aiuto psicologico, anche sul lungo termine.<\/li>\n\n\n\n<li>Sosteniamo e promuoviamo il progetto GAMEOVERAZZARDO.ORG realizzato da MA.RIS., Comunit\u00e0 San Benedetto al porto e CEIS Genova.<\/li>\n<\/ul>\n<\/li>\n\n\n\n<li>AREA MIGRANTI:\n<ul class=\"wp-block-list\">\n<li>la maggior parte dell&#8217;utenza straniera che si rivolge a noi \u00e8 in un percorso di richiesta asilo o ha appena ottenuto i documenti; spesso aiutiamo loro attraverso l&#8217;orientamento al lavoro o attraverso un percorso appuntamento per rinnovo permesso di soggiorno, prima consulenza.<\/li>\n<\/ul>\n<\/li>\n\n\n\n<li>ASSISTENZA A RINNOVO E COMPILAZIONE DOCUMENTI:\n<ul class=\"wp-block-list\">\n<li>cambio di residenza e rinnovo documenti personali, compilazione FILSE, iscrizione alle scuole statali di ogni ordine e grado.<\/li>\n<\/ul>\n<\/li>\n<\/ul>\n<\/div>\n\n\n\n<div class=\"wp-block-column is-layout-flow wp-block-column-is-layout-flow\">\n<figure class=\"wp-block-image size-large\"><img loading=\"lazy\" decoding=\"async\" width=\"1024\" height=\"683\" src=\"https:\/\/emporiosolidalegenova.it\/wordpress\/wp-content\/uploads\/2023\/04\/CENTRO-ASCOLTO-1024x683.jpg\" alt=\"\" class=\"wp-image-1318\" srcset=\"https:\/\/emporiosolidalegenova.it\/wordpress\/wp-content\/uploads\/2023\/04\/CENTRO-ASCOLTO-1024x683.jpg 1024w, https:\/\/emporiosolidalegenova.it\/wordpress\/wp-content\/uploads\/2023\/04\/CENTRO-ASCOLTO-300x200.jpg 300w, https:\/\/emporiosolidalegenova.it\/wordpress\/wp-content\/uploads\/2023\/04\/CENTRO-ASCOLTO-768x513.jpg 768w, https:\/\/emporiosolidalegenova.it\/wordpress\/wp-content\/uploads\/2023\/04\/CENTRO-ASCOLTO-1536x1025.jpg 1536w, https:\/\/emporiosolidalegenova.it\/wordpress\/wp-content\/uploads\/2023\/04\/CENTRO-ASCOLTO-2048x1367.jpg 2048w\" sizes=\"auto, (max-width: 1024px) 100vw, 1024px\" \/><\/figure>\n\n\n\n<ul class=\"wp-block-list\">\n<li>PROGETTO EX DETENUTI:\n<ul class=\"wp-block-list\">\n<li>Orientamento al lavoro (anche attraverso l&#8217;eventuale attivazione di borse lavoro).<\/li>\n\n\n\n<li>Sostegno psicologico e accompagnamento al reinserimento sociale.<\/li>\n<\/ul>\n<\/li>\n\n\n\n<li>AIUTO CONCRETO AI SERVIZI DEL CITTADINO:\n<ul class=\"wp-block-list\">\n<li>molti nostri utenti si rivolgono a noi perch\u00e8 poco consapevoli di quello che il territorio pu\u00f2 offrire loro o perch\u00e9 hanno una scarsa conoscenza degli aiuti sociali di cui potrebbero usufruire.<br>Interveniamo in base alle necessit\u00e0 nell&#8217;indirizzare l&#8217;utente verso il servizio che possa soddisfare le sue esigenze.<br>Ci siamo per esempio rivolti diverse volte all&#8217;Agenzia Sociale per la Casa, agli assistenti sociali dei vari distretti, alla Asl3. E poi aiuto nella ricerca di una casa a canone ridotto, supporto nella richiesta dei buoni spesa, supporto per la richiesta di misure di sostegno al reddito. Lavoriamo inoltre in rete con Citt\u00e0 Aperta, ANPI, SPI, CGIL, Avvocati di strada.<\/li>\n<\/ul>\n<\/li>\n<\/ul>\n\n\n\n<p> <\/p>\n<\/div>\n<\/div>\n\n\n\n<p><\/p>\n","protected":false},"excerpt":{"rendered":"<p>EMPORIO SOLIDALE L\u2019Emporio solidale di Genova apre nel 2022 come progetto dell\u2019associazione Ce.Sto Odv.Si tratta di un centro polivalente di incontro, scambio, attivit\u00e0 culturali e di formazione aperto a tutto il quartiere.L\u2019idea nasce nel 2019 a cura della sezione ANPI Teresa Mattei e di Genova Solidale, prende consistenza nel periodo della pandemia e rapidamente si [&hellip;]<\/p>\n","protected":false},"author":1,"featured_media":0,"parent":0,"menu_order":0,"comment_status":"closed","ping_status":"closed","template":"","meta":{"ngg_post_thumbnail":0,"footnotes":""},"class_list":["post-1428","page","type-page","status-publish","hentry"],"_links":{"self":[{"href":"https:\/\/emporiosolidalegenova.it\/wordpress\/wp-json\/wp\/v2\/pages\/1428","targetHints":{"allow":["GET"]}}],"collection":[{"href":"https:\/\/emporiosolidalegenova.it\/wordpress\/wp-json\/wp\/v2\/pages"}],"about":[{"href":"https:\/\/emporiosolidalegenova.it\/wordpress\/wp-json\/wp\/v2\/types\/page"}],"author":[{"embeddable":true,"href":"https:\/\/emporiosolidalegenova.it\/wordpress\/wp-json\/wp\/v2\/users\/1"}],"replies":[{"embeddable":true,"href":"https:\/\/emporiosolidalegenova.it\/wordpress\/wp-json\/wp\/v2\/comments?post=1428"}],"version-history":[{"count":32,"href":"https:\/\/emporiosolidalegenova.it\/wordpress\/wp-json\/wp\/v2\/pages\/1428\/revisions"}],"predecessor-version":[{"id":1597,"href":"https:\/\/emporiosolidalegenova.it\/wordpress\/wp-json\/wp\/v2\/pages\/1428\/revisions\/1597"}],"wp:attachment":[{"href":"https:\/\/emporiosolidalegenova.it\/wordpress\/wp-json\/wp\/v2\/media?parent=1428"}],"curies":[{"name":"wp","href":"https:\/\/api.w.org\/{rel}","templated":true}]}}

<h2 class="wp-block-heading">EMPORIO SOLIDALE</h2>



<div class="wp-block-columns is-layout-flex wp-container-core-columns-is-layout-9d6595d7 wp-block-columns-is-layout-flex">
<div class="wp-block-column is-layout-flow wp-block-column-is-layout-flow">
<p>L’Emporio solidale di Genova apre nel 2022 come progetto dell’associazione <a rel="noreferrer noopener" href="https://www.ilcesto.org/associazione-volontariato-il-cesto/" target="_blank">Ce.Sto Odv</a>.<br>Si tratta di un centro polivalente di incontro, scambio, attività culturali e di formazione aperto a tutto il quartiere.<br>L’idea nasce nel 2019 a cura della sezione <a rel="noreferrer noopener" href="https://www.facebook.com/anpiTeresaMattei/" target="_blank">ANPI Teresa Mattei</a> e di <a rel="noreferrer noopener" href="https://www.genovasolidale.it/" target="_blank">Genova Solidale</a>, prende consistenza nel periodo della pandemia e rapidamente si passa da un’utenza di circa 30 nuclei familiari ad un’attività strutturata di raccolta e distribuzione alimentare con numeri di fruitori in notevole crescita.<br>L’attività principale consiste nella distribuzione alimentare rivolta a famiglie del Centro storico che si trovano in difficoltà economica, con l’obiettivo di superare il puro assistenzialismo attraverso processi di crescita, valorizzazione e inclusione sociale delle persone che partecipano alle varie attività. Lo scambio e la solidarietà sono la cornice di tutte le iniziative.<br>L’Emporio conta su una rete di donatori, collaboratori e volontari, tra cui enti, commercianti e grandi distributori, associazioni e altre realtà attive sul territorio.<br>Con i suoi spazi di incontro e la presenza negli stessi spazi del Centro di Ascolto de il <a rel="noreferrer noopener" href="https://www.ilcesto.org/" target="_blank">Ce.Sto COOP</a>, l’Emporio fornisce una risposta concreta alle famiglie in difficoltà, partendo dall’ impegno a preservare la dignità delle persone e ponendo al centro la loro partecipazione alle realtà della comunità e del Sestiere. Non assistenzialismo, quindi, ma solidarietà: è una piccola Comunità al servizio della Comunità.</p>
</div>



<div class="wp-block-column is-layout-flow wp-block-column-is-layout-flow">
<figure class="wp-block-image size-large"><img loading="lazy" decoding="async" width="1024" height="683" src="https://emporiosolidalegenova.it/wordpress/wp-content/uploads/2023/03/ART06039-1024x683.jpg" alt="" class="wp-image-908" srcset="https://emporiosolidalegenova.it/wordpress/wp-content/uploads/2023/03/ART06039-1024x683.jpg 1024w, https://emporiosolidalegenova.it/wordpress/wp-content/uploads/2023/03/ART06039-300x200.jpg 300w, https://emporiosolidalegenova.it/wordpress/wp-content/uploads/2023/03/ART06039-768x513.jpg 768w, https://emporiosolidalegenova.it/wordpress/wp-content/uploads/2023/03/ART06039-1536x1025.jpg 1536w, https://emporiosolidalegenova.it/wordpress/wp-content/uploads/2023/03/ART06039-2048x1367.jpg 2048w" sizes="auto, (max-width: 1024px) 100vw, 1024px" /></figure>



<p><br>L’inserimento nel 2021 nel <a rel="noreferrer noopener" href="https://smart.comune.genova.it/comunicati-stampa-articoli/senza-dimora-ed-estreme-povert%C3%A0-urbane-approvato-il-nuovo-patto-di" target="_blank">Patto di Sussidiarietà</a>   per il <a href="https://emporiosolidalegenova.it/wordpress/il-contesto-sociale-del-sestiere-del-molo/" target="_blank" rel="noreferrer noopener">Nuovo Sestiere del Molo</a>, il grande numero di volontari attivi, la presenza al suo interno del servizio del Centro di Ascolto uniti al supporto di tanti altri settori della cooperativa de il Ce.Sto Coop e dell’Associazione Ce.Sto odv, hanno fornito motore e struttura al progetto che è diventato in pochissimo tempo un Community Hub molto attivo nel Centro Storico &#8211; Sestiere del Molo.</p>
</div>
</div>



<h2 class="wp-block-heading">CENTRO D&#8217;ASCOLTO</h2>



<div class="wp-block-columns is-layout-flex wp-container-core-columns-is-layout-9d6595d7 wp-block-columns-is-layout-flex">
<div class="wp-block-column is-layout-flow wp-block-column-is-layout-flow">
<p>Il centro d’ascolto, nato nel periodo di prepandemia, è cresciuto giorno dopo giorno, aumentando i servizi all&#8217;utenza e avendo un numero di accessi sempre in aumento.<br>I servizi di cui si occupa sono diversi e vanno a coprire diversi ambiti.<br></p>



<ul class="wp-block-list">
<li>ORIENTAMENTO AL LAVORO: 
<ul class="wp-block-list">
<li>riceviamo le persone e ascoltiamo le loro esigenze attuali e future e accogliamo le loro richieste. Ci facciamo raccontare le loro esperienze lavorative pregresse e attuali e capire come intervenire. Uno dei principali e iniziali interventi è revisionare e aggiornare il cv, iscrizione al CPI di zona, iscrizione a garanzia giovani per gli under 29, iscrizione a Formazione Lavoro, principale sito della regione Liguria per annunci di lavoro, eventuale iscrizione ad agenzie interinali, iscrizione ad eventuali corsi di formazioni (sia finanziati che privati), matching tra privato ed utente.</li>
</ul>
</li>



<li>SOSTEGNO PSICOLOGICO: 
<ul class="wp-block-list">
<li>è a disposizione per gli utenti che si rivolgono a noi la possibilità di avere un aiuto psicologico, anche sul lungo termine.</li>



<li>Sosteniamo e promuoviamo il progetto GAMEOVERAZZARDO.ORG realizzato da MA.RIS., Comunità San Benedetto al porto e CEIS Genova.</li>
</ul>
</li>



<li>AREA MIGRANTI:
<ul class="wp-block-list">
<li>la maggior parte dell&#8217;utenza straniera che si rivolge a noi è in un percorso di richiesta asilo o ha appena ottenuto i documenti; spesso aiutiamo loro attraverso l&#8217;orientamento al lavoro o attraverso un percorso appuntamento per rinnovo permesso di soggiorno, prima consulenza.</li>
</ul>
</li>



<li>ASSISTENZA A RINNOVO E COMPILAZIONE DOCUMENTI:
<ul class="wp-block-list">
<li>cambio di residenza e rinnovo documenti personali, compilazione FILSE, iscrizione alle scuole statali di ogni ordine e grado.</li>
</ul>
</li>
</ul>
</div>



<div class="wp-block-column is-layout-flow wp-block-column-is-layout-flow">
<figure class="wp-block-image size-large"><img loading="lazy" decoding="async" width="1024" height="683" src="https://emporiosolidalegenova.it/wordpress/wp-content/uploads/2023/04/CENTRO-ASCOLTO-1024x683.jpg" alt="" class="wp-image-1318" srcset="https://emporiosolidalegenova.it/wordpress/wp-content/uploads/2023/04/CENTRO-ASCOLTO-1024x683.jpg 1024w, https://emporiosolidalegenova.it/wordpress/wp-content/uploads/2023/04/CENTRO-ASCOLTO-300x200.jpg 300w, https://emporiosolidalegenova.it/wordpress/wp-content/uploads/2023/04/CENTRO-ASCOLTO-768x513.jpg 768w, https://emporiosolidalegenova.it/wordpress/wp-content/uploads/2023/04/CENTRO-ASCOLTO-1536x1025.jpg 1536w, https://emporiosolidalegenova.it/wordpress/wp-content/uploads/2023/04/CENTRO-ASCOLTO-2048x1367.jpg 2048w" sizes="auto, (max-width: 1024px) 100vw, 1024px" /></figure>



<ul class="wp-block-list">
<li>PROGETTO EX DETENUTI:
<ul class="wp-block-list">
<li>Orientamento al lavoro (anche attraverso l&#8217;eventuale attivazione di borse lavoro).</li>



<li>Sostegno psicologico e accompagnamento al reinserimento sociale.</li>
</ul>
</li>



<li>AIUTO CONCRETO AI SERVIZI DEL CITTADINO:
<ul class="wp-block-list">
<li>molti nostri utenti si rivolgono a noi perchè poco consapevoli di quello che il territorio può offrire loro o perché hanno una scarsa conoscenza degli aiuti sociali di cui potrebbero usufruire.<br>Interveniamo in base alle necessità nell&#8217;indirizzare l&#8217;utente verso il servizio che possa soddisfare le sue esigenze.<br>Ci siamo per esempio rivolti diverse volte all&#8217;Agenzia Sociale per la Casa, agli assistenti sociali dei vari distretti, alla Asl3. E poi aiuto nella ricerca di una casa a canone ridotto, supporto nella richiesta dei buoni spesa, supporto per la richiesta di misure di sostegno al reddito. Lavoriamo inoltre in rete con Città Aperta, ANPI, SPI, CGIL, Avvocati di strada.</li>
</ul>
</li>
</ul>



<p> </p>
</div>
</div>



<p></p>

<p>EMPORIO SOLIDALE L’Emporio solidale di Genova apre nel 2022 come progetto dell’associazione Ce.Sto Odv.Si tratta di un centro polivalente di incontro, scambio, attività culturali e di formazione aperto a tutto il quartiere.L’idea nasce nel 2019 a cura della sezione ANPI Teresa Mattei e di Genova Solidale, prende consistenza nel periodo della pandemia e rapidamente si [&hellip;]</p>
